 when t(-4) is divided by v.
2
Suppose -2*z - 10 = 5*m, -m - 2 = -3*z + 17. Suppose -57 + 722 = z*d. Calculate the remainder when d is divided by 34.
31
Let g = -74 - -77. Calculate the remainder when (g/4)/(25/1700) is divided by 11.
7
Calculate the remainder when (2/(-8)*59 - 4)*(-2 - 2) is divided by 1/4 + (-318)/(-8).
35
Suppose z = 2*z - 3. Suppose -z*w + 252 = 3*w. What is the remainder when w is divided by 12?
6
Suppose -2*n - 3*s + 602 = -0*s, 5*s = -3*n + 905. Calculate the remainder when n is divided by 89.
28
Let q = 155 + -117. Calculate the remainder when 138 is divided by q.
24
Let j = 357 - 262. What is the remainder when j is divided by 11?
7
Suppose 3*h + 4*n + 104 = 5*h, -5*n + 68 = 2*h. Suppose -2*j - h = -6*j. What is the remainder when 16 is divided by j?
5
Let q(x) = -21*x + 18. Let f(m) = 7*m + 4. Let l be f(-1). What is the remainder when q(l) is divided by 3/(-12) - (-85)/4?
18
Let c(w) = w**2 - 10*w - 61. What is the remainder when 165 is divided by c(17)?
49
Let s(g) = 12*g - 38. Calculate the remainder when s(6) is divided by 8.
2
Let g = 537 - 475. Calculate the remainder when 1300 is divided by g.
60
Suppose -1 = 2*h + 89. Let s = -31 - h. Calculate the remainder when 27 is divided by s.
13
Suppose -x + 181 = -49. Suppose -b = -3*d - d + x, 0 = -b - 2. Calculate the remainder when d is divided by 15.
12
Suppose 133*w - 207 = 124*w. What is the remainder when 87 is divided by w?
18
Suppose 0 = 3*r - 5*u - 36 - 16, 5*u = 2*r - 38. What is the remainder when (-1 + 26)*(-1 - 0)/(-1) is divided by r?
11
Let n(k) = k**3 + 16*k**2 - 2*k - 2. Let t be n(-16). Calculate the remainder when (-274)/(-10) - 12/t is divided by 16.
11
Let l = 8 - 10. Let g(n) = n**2 - n - 2. Calculate the remainder when g(5) is divided by 63/14 + l/(-4).
3
Let u(r) = 6*r + 2. Let h(m) = m**2 - 6*m. Let i be h(7). Suppose 5*l - 3 - i = 0. Calculate the remainder when 27 is divided by u(l).
13
Let i(k) = 5*k - 4. Let b be i(2). Suppose 4*u + 4 = 0, 0 = -3*r - 0*u + u - 2. Let v = b + r. What is the remainder when 19 is divided by v?
4
Let v = -43 - -52. Calculate the remainder when -129*(-2 - (-15)/v) is divided by 24.
19
Let p be -9*-6*8/(-36). Let a be p/(-36) - (-14)/3. Suppose -84 = -5*l - n, 12 = -0*l + l + a*n. What is the remainder when l is divided by 5?
2
Let b = 240 - 230. Calculate the remainder when 259 is divided by b.
9
Let k(q) = q**2 + q + 10. Calculate the remainder when 193 is divided by k(-8).
61
Let r = 15 + -4. What is the remainder when 19 is divided by r?
8
Let b be (21/(-4))/(3/(-8)). Let u = 18 + -10. What is the remainder when b + (2 - 2)*-1 is divided by u?
6
Suppose -5 = -4*w + 35. Suppose 0*q + 12 = q. Suppose 7*m - 3*m + 3*u - 12 = 0, 3*u = -q. What is the remainder when w is divided by m?
4
Let m(y) = -y + 1. Let k(h) = -3*h - 6. Let j(o) = k(o) - 4*m(o). Let n be j(5). What is the remainder when -15*-1*n/(-3) is divided by 13?
12
Let t(y) = y**2 + 2*y + 2. Let i be t(0). Let r(a) = 2*a**2 + a - 2*a - i + 14*a. What is the remainder when r(-12) is divided by 33?
31
Let h(r) = 30*r. Let s(u) = u**3 - 2*u**2 - 13*u - 6. Let z be s(5). Suppose 261 = -z*p + 7*p. Calculate the remainder when p is divided by h(1).
27
Let u be (-13 - 0/(-3))*-1. Suppose -p + 18 = -u. Let k(o) = o + 21. Calculate the remainder when p is divided by k(-5).
15
Let x(r) = -r**2 + 4*r + 196. Let q be x(0). Suppose 4*j = -3*j + q. Suppose 123 = 2*z - 97. What is the remainder when z is divided by j?
26
Suppose -w + 12 = 3*z, -w - 2*z = -9 - 4. Let b = 1990 + -1948. Calculate the remainder when b is divided by w.
12
Let i = -1249 + 1266. Calculate the remainder when i is divided by 7.
3
Suppose f + 0*j + j - 167 = 0, 0 = 5*j - 20. Let k(l) = -f*l**2 - 5 - 1 + 164*l**2. Calculate the remainder when k(-7) is divided by 11.
10
Let p(r) = r**3 - 3*r - 4. Let a be p(0). Let i be 65/(-20) + (-3)/4. What is the remainder when 22 is divided by i*(a + (-6)/(-3))?
6
Let s = 63 - 41. Calculate the remainder when 168 is divided by s.
14
Suppose 3*r - 3 = 2*r + 3*v, -4 = -r + 4*v. Let y be (23/((-46)/(-300)))/2. Suppose -2*j - 1 + y = r. Calculate the remainder when j is divided by 20.
17
Calculate the remainder when 162 is divided by 10/(-4)*((-330)/50 - 1).
10
Suppose 0 = d - 3 - 6. Let j = -245 - -270. What is the remainder when j is divided by d?
7
Suppose -l + 2*m + 10 = -7, 3*m = 3*l - 36. Calculate the remainder when (-3 - -25 - 0) + 1 is divided by l.
2
Suppose 4*n = 4, 8*j = 3*j - 4*n + 14. Suppose 1 = j*u - 89. Calculate the remainder when u is divided by 13.
6
Let g be ((-4)/(-2))/(-2) - -6. Suppose 2*a - 3*i - 42 = 0, 0 = -2*a + a - 5*i - g. Suppose -13*m = -a*m + 50. Calculate the remainder when m is divided by 13.
12
Calculate the remainder when (-6)/7*(-42)/9 is divided by (-9)/((-378)/119) + (-2)/(-12).
1
Let d = -38 - -41. Calculate the remainder when d is divided by 3.
0
Suppose 67*m - 17092 = -1548. Suppose -82 + 23 = -q. What is the remainder when m is divided by q?
55
Let b(s) = -10 + 2*s + 28 + s**2 - 12. Suppose -25 = 7*c - 2*c. Calculate the remainder when 60 is divided by b(c).
18
Let m(l) = 8*l - 53. What is the remainder when 87 is divided by m(10)?
6
Let h(s) = -4*s. Let y be h(-9). Let f = 58 - y. Calculate the remainder when f is divided by 12.
10
Let d(c) = -3*c**3 - 27*c**2 - c + 24. Suppose 13 + 12 = 5*o. What is the remainder when d(-9) is divided by o?
3
Suppose 0 = 5*c - 4*i - 0 - 3, c - i = 0. Suppose 3*f - 42 = -c*k, -5*k - 5 + 25 = 0. Calculate the remainder when f is divided by 4.
2
Let a(r) = -3*r - 14. Calculate the remainder when a(-11) is divided by (-195)/52*(-8)/6.
4
Let j(k) = k**3 + 18*k**2 + 13*k - 36. Calculate the remainder when 101 is divided by j(-17).
5
Let q = 73 + -27. Calculate the remainder when q is divided by (10*(2 - 5/2))/(-1).
1
Let a = -19 + 7. Let s = 2 - a. Suppose -5*x + 7*x = s. What is the remainder when 26 is divided by x?
5
Let n = 19 + -11. Calculate the remainder when 3*188/12 - (1 + 3) is divided by n.
3
Suppose 0 = -2*t - 10, 2*t = -2*q - 2*t + 2. Let s be 0 - -4 - (q - 7). Suppose 3*h + s*h = 39. Calculate the remainder when 49 is divided by h.
10
Let k = 13 + -4. Suppose -2 = v - k. Suppose -5*p = 5*t - 110, 0*t - 2*p = -t + v. What is the remainder when 50 is divided by t?
16
Let z = 601 - 184. What is the remainder when z is divided by 35?
32
Suppose 9*a - 5*a - 56 = 0. Let y(n) = -n**2 - 14*n + 6. Suppose 0*f - 33 = 3*f. What is the remainder when y(f) is divided by a?
11
Let c(x) = x**3 - 7*x**2 + 8*x + 4. What is the remainder when c(7) is divided by 22?
16
Suppose -9*d = -11*d + 26. Let z = d + -7. Suppose 0*r - 20 = -2*r. Calculate the remainder when r is divided by z.
4
Suppose 0 = -206*c + 197*c + 7218. Calculate the remainder when c is divided by 81.
73
Suppose -2*w - 36 = -2*r, 0*r = -3*r + 5*w + 60. Let c(n) = -n**2 + 17*n + 12. Let v be c(18). What is the remainder when (5 - 91)*3/v is divided by r?
13
Let v be ((-21)/(-9) - 2)/((-1)/(-75)). What is the remainder when 39 is divided by 1 + v + -1 + -4?
18
Suppose 3*m = -2*m + 30. Suppose 4*h - 7*h = -m. Suppose -34 = -3*q + h. What is the remainder when q is divided by 5?
2
Let a = -132 - -141. Let x(v) = -v**2 + 7*v + 38. Calculate the remainder when 76 is divided by x(a).
16
Let f be 2/7 - 15340/182. What is the remainder when (-471)/(-7) - (-24)/f is divided by 35?
32
What is the remainder when ((-2)/(-6))/(4/(9*40)) is divided by 9?
3
Calculate the remainder when 166 is divided by (-6)/9*2*12*-1.
6
Suppose 29*j - 683 - 390 = 0. Suppose 426 = -4*f + f. Calculate the remainder when -4*(f/8 - 0) is divided by j.
34
Suppose -47*g + 3960 = -3*g. What is the remainder when g is divided by 7?
6
Let d = 160 + 414. Calculate the remainder when d is divided by 116.
110
Let p = -114 - -116. Suppose 2*z - 132 = -p*z + 5*x, 16 = 4*x. What is the remainder when z is divided by 14?
10
Let k be (6/(-4))/(9/(-12)). Suppose -k*i = -4*i + 42. Calculate the remainder when 145 is divided by i.
19
Suppose 0 = -4*z - 0*z - 64. Suppose -7*o = 12 - 103. Let n = o - z. Calculate the remainder when n is divided by 8.
5
Suppose -63*j = -68*j + 3*q + 523, -3*q - 202 = -2*j. Calculate the remainder when 432 is divided by j.
4
Let j = -31 - -64.